 1471121101 a composite number?
True
Is 10156133167 a prime number?
True
Is 133148292779 composite?
True
Is 3885230329 composite?
False
Is 208405231 composite?
True
Is 3630258109 a prime number?
False
Is 266857429 composite?
False
Is 827882617 composite?
False
Is 151735903 prime?
False
Is 12072950573 prime?
True
Is 573964637 prime?
True
Is 5791758991 a composite number?
False
Is 675033713 a prime number?
False
Is 8734939 a composite number?
True
Is 5867527621 a composite number?
False
Is 3598911905 a prime number?
False
Is 68899367 composite?
False
Is 32430568901 a composite number?
True
Is 965962169 a prime number?
False
Is 46843886933 prime?
False
Is 15370708649 composite?
False
Is 862607671 a composite number?
True
Is 233035865 a composite number?
True
Is 5253528151 composite?
False
Is 43360629341 composite?
False
Is 3411754579 prime?
True
Is 3750414671 prime?
True
Is 206695029 prime?
False
Is 2038485979 prime?
False
Is 3858216707 composite?
False
Is 48040444099 a composite number?
True
Is 18160059569 a composite number?
True
Is 3782426867 prime?
True
Is 600251303 composite?
True
Is 1053476951 prime?
True
Is 238856304619 composite?
False
Is 45928851103 a composite number?
True
Is 479975081 a prime number?
True
Is 11743568747 a prime number?
True
Is 60465813 prime?
False
Is 2421142627 prime?
False
Is 4361430543 a prime number?
False
Is 12472461803 prime?
True
Is 4781555173 prime?
False
Is 110415257837 composite?
False
Is 1978094887 a composite number?
True
Is 20956387451 composite?
False
Is 792170783 composite?
False
Is 198002137513 a prime number?
False
Is 6372258911 composite?
False
Is 523340107 composite?
True
Is 266759621399 a prime number?
True
Is 11249041861 a composite number?
True
Is 6168670607 a composite number?
True
Is 13399227601 a prime number?
True
Is 158049413 a composite number?
False
Is 194495219 prime?
False
Is 571062407 a prime number?
True
Is 6494952421 prime?
True
Is 1680212939 composite?
False
Is 7513414493 composite?
True
Is 529668121 a composite number?
True
Is 16637689361 prime?
True
Is 14758163971 prime?
False
Is 856699915 composite?
True
Is 3129316417 a composite number?
False
Is 17448623935 prime?
False
Is 1559102191 a composite number?
True
Is 4760694457 prime?
False
Is 85542365023 a prime number?
True
Is 13295533739 prime?
True
Is 118195463 prime?
True
Is 34543322873 prime?
False
Is 1543758487 a composite number?
True
Is 9351373181 a composite number?
False
Is 26312829331 prime?
False
Is 313946233 a prime number?
True
Is 205033819157 composite?
False
Is 2149617077 a prime number?
False
Is 3389939401 prime?
True
Is 100207543 a composite number?
False
Is 1961181907 composite?
False
Is 42998558123 prime?
False
Is 32528028389 a composite number?
False
Is 695885977 prime?
True
Is 226712177 a prime number?
True
Is 16742092999 prime?
False
Is 41653019561 a composite number?
True
Is 16324681369 a composite number?
False
Is 33791937211 a prime number?
True
Is 2213234137 a composite number?
True
Is 13109816693 a composite number?
True
Is 4122009053 a composite number?
False
Is 6046312481 a composite number?
True
Is 18757655011 composite?
True
Is 17930834653 prime?
True
Is 3146027321 composite?
False
Is 16460587207 a prime number?
True
Is 80364749 a prime number?
True
Is 34834452449 a prime number?
True
Is 983335271 prime?
True
Is 665018929 prime?
True
Is 1845458221 composite?
False
Is 47979952877 composite?
False
Is 21720174803 a prime number?
True
Is 284332331 prime?
True
Is 949565455 prime?
False
Is 7581714169 a composite number?
False
Is 2302776887 a prime number?
True
Is 4579264187 composite?
False
Is 147833099 prime?
True
Is 130788037 prime?
True
Is 210102985 a composite number?
True
Is 17369937679 a composite number?
False
Is 132258238295 a composite number?
True
Is 18970731361 a composite number?
True
Is 3487375477 composite?
True
Is 104800511 composite?
False
Is 5677795549 composite?
False
Is 22051697 a prime number?
False
Is 175179806063 a prime number?
True
Is 1788105247 a composite number?
True
Is 149854987 a prime number?
True
Is 182578373 composite?
False
Is 24136918577 a prime number?
True
Is 8593039159 a prime number?
True
Is 62627057 a composite number?
True
Is 14035392951 composite?
True
Is 221918999 prime?
True
Is 18435123427 composite?
True
Is 2669987017 prime?
False
Is 507074287 a composite number?
True
Is 450073027 a prime number?
False
Is 2082728009 composite?
False
Is 4493234267 composite?
True
Is 120503038611 prime?
False
Is 66146042665 composite?
True
Is 84286440463 a composite number?
False
Is 2179297579 a composite number?
False
Is 6731543543 a composite number?
False
Is 1750283897 a prime number?
True
Is 2698900343 composite?
True
Is 2792712921 a composite number?
True
Is 82444769977 a prime number?
False
Is 31769511119 prime?
True
Is 143440631 composite?
True
Is 71881655341 a prime number?
True
Is 218734547 a prime number?
True
Is 1672133009 a prime number?
False
Is 344971853 a composite number?
False
Is 32775793 prime?
True
Is 751727393 a composite number?
True
Is 11559333257 prime?
True
Is 427144787 a composite number?
False
Is 1830943203 a prime number?
False
Is 2284489829 prime?
True
Is 4471670591 a prime number?
True
Is 6505175357 a prime number?
True
Is 66408748037 prime?
True
Is 17525343551 a prime number?
True
Is 204268835 a prime number?
False
Is 658608049 prime?
False
Is 3284247061 prime?
False
Is 1957839563 composite?
True
Is 37085310646 prime?
False
Is 44203825991 a prime number?
False
Is 48345687233 a composite number?
False
Is 30636622847 prime?
True
Is 36646723226 a prime number?
False
Is 1178402417 composite?
False
Is 25195780991 a prime number?
True
Is 1265498051 a prime number?
True
Is 310873379 prime?
True
Is 7875255989 a prime number?
False
Is 1715208799 a composite number?
True
Is 43672455089 a prime number?
True
Is 2310700949 a composite number?
True
Is 992785291 prime?
True
Is 80952155863 a composite number?
False
Is 13611479213 a composite number?
False
Is 20157324077 a composite number?
True
Is 1558544971 a composite number?
False
Is 56046938249 composite?
False
Is 20843846189 prime?
True
Is 39910082869 prime?
True
Is 427796231741 composite?
False
Is 34880547439 composite?
False
Is 2527958711 prime?
True
Is 5463522151 a prime number?
False
Is 238135021 a prime number?
True
Is 408012331 a composite number?
False
Is 26019812669 composite?
True
Is 218087437 composite?
False
Is 17825104783 a composite number?
False
Is 7206363217 composite?
True
Is 285218179 composite?
False
Is 69525244553 a composite number?
True
Is 7994825897 a composite number?
False
Is 1176304691 a prime number?
True
Is 4742628101 a prime number?
True
Is 2019928297 composite?
True
Is 491147193 prime?
False
Is 6245226123 a composite number?
True
Is 192028987 prime?
False
Is 285105493 a composite number?
True
Is 132112035989 a prime number?
True
Is 3478593539 a composite number?
True
Is 8426701 a prime number?
True
Is 7743693223 composite?
True
Is 3315417227 a prime number?
False
Is 233626517 a prime number?
True
Is 17417635999 composite?
False
Is 106745932051 a prime number?
False
Is 1505490379 a prime number?
False
Is 379903703 a composite number?
False
Is 45606494477 prime?
True
Is 3704521649 a prime number?
True
Is 485103533 composite?
True
Is 777192419 a composite number?
False
Is 57127861202 prime?
False
Is 228867338497 composite?
True
Is 866529239 composite?
False
Is 4768809839 a prime number?
False
Is 5351359219 prime?
False
Is 38749378469 a composite number?
False
Is 232902479 prime?
True
Is 3026642429 a composite number?
True
Is 56593165807 composite?
True
Is 15910442437 a composite number?
False
Is 205588421 prime?
False
Is 7088598053 a prime number?
True
Is 10592854979 composite?
True
Is 24266044615 composite?
True
Is 94790771 prime?
True
Is 37663207 a prime number?
True
Is 178885277 a composite number?
False
Is 29248619579 a prime number?
False
Is 3190492567 a prime number?
False
Is 6861731 a composite number?
True
Is 17428838603 a composite number?
True
Is 3568172657 a composite number?
True
Is 8682672821 prime?
False
Is 247829809 a prime number?
True
Is 15012696971 a prime number?
False
Is 2062335553 a composite number?
False
Is 406664931 prime?
False
Is 376487845 prime?
False
Is 23596